-1) a composite number?
False
Suppose 6*c = 3*c + h - 2771, -5*h - 913 = c. Is c/(-3) + (-2)/3 a composite number?
False
Suppose 0 = -3*f - 5*f + 10888. Is f composite?
False
Suppose 8*w - 9386 - 25038 = 0. Is w a prime number?
False
Let s(w) = -w**2 + 14*w + 54. Is s(16) prime?
False
Let y = 2 + 1. Suppose -444 = -y*h + 435. Is h a prime number?
True
Suppose -4*a + 4753 = -o, -3*o + 3 = -6. Is a a prime number?
False
Let g(k) = 4*k - 3. Let b be g(2). Suppose 3*q + 5*d - 310 = 0, q - b*d = 18 + 72. Suppose -4*p = 0, -4*p - q + 26 = -2*f. Is f a prime number?
True
Let q be (4 + -1 - 3) + 2. Suppose -3 = q*g - 5. Suppose -22 = -k + g. Is k a prime number?
True
Suppose 3*w - 5*w = -5*t + 9, -3*w = 2*t + 4. Let d be 9*(w - 20/(-3)). Let h = d - -4. Is h prime?
False
Let f(a) = -a**3 - 4*a**2 + 3*a - 6. Let d be f(-5). Suppose -d*s + 377 = 5*g - 40, -g = s - 83. Is g a prime number?
False
Let f = -4 + 12. Let w(h) = h**3 - 9*h**2 + 7*h + 3. Let u be w(f). Is 2/5 + (-108)/u prime?
False
Is 8314/8 + -2 + 7/4 a composite number?
False
Let y = -137 - -284. Let z = y + 11. Is z prime?
False
Let r be 45/6*(-2)/(-3). Suppose r = j - 2. Is j prime?
True
Let b(w) = 12*w + 7. Let t be b(7). Suppose 3*j - 126 = -g, -g + j = -t - 15. Is g a prime number?
False
Let d(s) = -2*s**3 - 2*s**2 - s. Let l be d(-1). Let p be (l/2)/(1/4). Suppose -32 = -p*z + 74. Is z a composite number?
False
Let s(r) = -219*r**3 + 2*r**2 - 1. Let o be s(-1). Let q = o + -107. Suppose 4*u + 3 + 13 = 0, -3*c = u - q. Is c a prime number?
False
Suppose -5*n + 96 = -89. Is n a composite number?
False
Is 1 - (-2 - -2) - -1692 a composite number?
False
Let l be (1 - 14)/((-1)/23). Let k = l + -94. Is k a composite number?
True
Let n = 4 + -2. Suppose 421 + 124 = n*m - z, 0 = -2*m - 2*z + 530. Suppose 5*k - m = -0*a - 5*a, -k = -a + 44. Is a composite?
True
Let x be (2 - -14)*6/(-8). Let a = x - -44. Let b = -18 + a. Is b composite?
True
Let v = 447 - 260. Is v a composite number?
True
Let l be 0/((-9)/(-3) + -5). Suppose -q - 2*q + 9 = 0, l = i + q - 80. Is i composite?
True
Let o(n) = -3*n**2 + 4*n - 1. Let l be o(-6). Let z = l - -195. Suppose 0 = -4*p - z + 202. Is p prime?
False
Suppose -v = -3*c + 896, -4*c - 5*v + 1163 = -0*c. Let z = -119 + c. Let j = z - 111. Is j a prime number?
True
Let r(o) = 7*o + 5. Let s be (1/2)/((-2)/(-20)). Let h be r(s). Suppose h = z + 3. Is z a composite number?
False
Suppose -2*g + 5*g = c - 43, 2*c = -3*g + 68. Is c a composite number?
False
Let p = 133 + 90. Is p prime?
True
Let o(z) = 13*z**3 - z**2 - z + 1. Let p be o(3). Let a = p - 138. Is a prime?
False
Suppose 1 - 7 = -3*o, 4 = -5*q + 2*o. Suppose -2*m + m + 128 = q. Suppose -m = -2*u - 2*u - 2*x, 2*u + 5*x = 48. Is u composite?
True
Let d(g) = -g**2 + g - 7. Let m be d(-5). Let i be 3*1 - (-27)/(-9). Is (i/(-3))/(-2) - m a prime number?
True
Let h be 16/10 + 8/20. Let n be h + (2 + 1)/3. Suppose 4*k - n*k = 83. Is k composite?
False
Is 2/8 + 34200/32 a prime number?
True
Let v be 2*74/(-8)*-2. Suppose -2*i = -i - v. Is i a prime number?
True
Let m = 598 - 359. Is m a prime number?
True
Let o(b) = -3*b - 2. Let f be -1*(2 + -1)*7. Is o(f) composite?
False
Let h be ((-62)/3)/((-2)/3). Suppose -y + 16 = -h. Is y composite?
False
Let f(r) = -22*r + 4. Let a be f(-6). Let x be 2/9 + a/36. Suppose 0 = -x*n + 2*g + 34, -n + 12 = -3*g - 4. Is n a composite number?
False
Let q(k) = 4*k - 13. Let x(f) = -8*f + 26. Let u(c) = 5*q(c) + 2*x(c). Is u(9) prime?
True
Suppose -912 = -4*w - f + 1871, 4*w - 3*f = 2771. Is w composite?
True
Let z = -1512 + 3175. Suppose 5*k = -4*j + z, 2*k - 352 - 304 = 3*j. Is k a prime number?
True
Let a(g) = g - 5. Let z(r) = -8*r. Let v be z(-1). Let w be a(v). Suppose -i = d - 82, 0 = w*d - d + 3*i - 161. Is d a prime number?
False
Let a(g) = g**2 + 4*g - 6. Let l be a(-5). Let c(x) = 5*x**2 + 1. Let j be c(l). Suppose 2*v - 2*h = 4, -2*v - 2*h = -3*h - j. Is v composite?
True
Suppose 11190 = -4*b + 10*b. Is b a prime number?
False
Suppose 2*w - 6*w - 34 = 2*b, w = 4*b + 23. Let p be (21 - 7)*(-6)/b. Is ((-23)/(-4))/(1/p) a composite number?
True
Let v(u) = 6*u**2 - 2*u. Let r be v(6). Suppose 3*f + r = 7*f. Suppose 4*z - 97 - f = 0. Is z a composite number?
False
Let n(i) = 590*i + 1. Let a be n(-1). Let f = -326 - a. Is f prime?
True
Suppose 2*a = 3*a - 5, 4*n - a = 407. Is n composite?
False
Let y(r) = 14*r**3 + 2*r**2 + 2*r - 5. Is y(3) composite?
False
Let m = 23 + -21. Suppose 0 = -m*j - v + 264, 0 = v - 3*v - 4. Is j a prime number?
False
Let r(p) = -2*p**2 + 5*p + 6. Let u be r(9). Let d = 196 + u. Is d a prime number?
False
Let t = -6140 + 9249. Is t a prime number?
True
Let z(j) be the second derivative of j**4/6 + j**3/3 + j**2/2 + 5*j. Is z(-4) a prime number?
False
Let t = 6064 - 3731. Is t a prime number?
True
Let z(q) be the second derivative of q**5/20 + q**4/4 + q**3/3 + q**2 - q. Let b be z(-2). Suppose -b*h - 9 = -3*h. Is h prime?
False
Let v = 9 - 9. Suppose 3*s - 8*s + 65 = v. Is s prime?
True
Let g = -29 - -80. Is g a prime number?
False
Let p be 15 + -2 + 4/2. Let h = p - -6. Is h composite?
True
Let u = 1656 + -673. Is u prime?
True
Let a = -7 + 10. Suppose a*p - 351 - 171 = 0. Is (p/(-8))/((-7)/28) a prime number?
False
Let k(p) = -3 + 42*p + 4 + 0 - 4*p. Is k(1) composite?
True
Let t be ((-12)/(-14))/((-5)/35). Let w = t - -10. Suppose -w*m = m - 575. Is m composite?
True
Let l be (0 - 1)/((-2)/(-12)). Let m be 248/6 - 2/6. Let q = m + l. Is q prime?
False
Let g = -17 - -68. Is g a prime number?
False
Suppose -254 = -3*b + 2104. Suppose -b = -3*y + 5*l, 4*l - l = -4*y + 1019. Is y a composite number?
False
Suppose -w - 244 = -5*w. Let x = w + -39. Is x a prime number?
False
Suppose -j - 40 = -2*f, -5*f + 0*j + 97 = -4*j. Suppose 2*l - y - 94 = -2*l, y = -l + f. Is l a prime number?
True
Is 3510/4 - 4/8 a composite number?
False
Let z(i) = i + 3. Let w be z(-3). Suppose w = 7*l - 4*l - 147. Is l a prime number?
False
Let m = 6 + -8. Is 51*(m + (-33)/(-9)) a prime number?
False
Let a be (2/4)/(2/(-16)). Let j be ((-2)/a)/((-2)/(-12)). Suppose 58 = j*n - 323. Is n composite?
False
Suppose 0 = -4*h - 87 + 1279. Is h composite?
True
Let f(h) = -h + 4. Let j(l) = 2*l**3 - 2*l**2 - l - 2. Let c be j(2). Let z be f(c). Suppose -5*k + 382 + 333 = z. Is k prime?
False
Let r(c) = 5 - 4*c + 0 + 0*c**2 - c**2. Let a be r(-5). Suppose -x + 4*s + 31 = a, 2*x = -x + 5*s + 79. Is x a composite number?
False
Let g(k) = 3*k + 112*k**3 - 1 + 7*k**2 - 2*k - 6*k**2. Is g(1) composite?
False
Is ((-2 - -2) + -1)*-67 composite?
False
Suppose 5*q + x + 35 = 0, -5*q + 8 = 3*x + 43. Let l(z) = z**2 + 6*z - 1. Is l(q) a prime number?
False
Let t be (-14)/(-35)*505*1. Suppose -3*w + t = l, 3*w + 2*l - 13 = 184. Is w a prime number?
False
Let a(b) = 6*b**2 + 1. Let r be (0 - 1)*(-2 + 3). Is a(r) prime?
True
Suppose -2*w + 12 = -5*w. Let y = w - -57. Is y prime?
True
Let w be -10*4/(-2 + 0). Let n = 7 + -12. Let p = w + n. Is p prime?
False
Suppose -2*r - 2*r + 12 = 0. Let o(d) = 5*d - 2. Is o(r) a composite number?
False
Suppose -3*f + 5*q + 1267 = 0, 2*f - q - 1259 = -f. Is f a composite number?
False
Is (-22)/(-77) - 593/(-7) a composite number?
True
Let z(k) = -k**2 - k + 7. Let v = 48 - 28. Suppose 3*m + 20 = -m - 5*x, 2*m - 5*x - v = 0. Is z(m) prime?
True
Suppose 4*u + 8 = 0, 0 = -3*q + 4*u - 3900 + 17063. Is q a composite number?
True
Let h = -109 - 19. Let p = 239 + h. Is p prime?
False
Suppose 2*y - 2 = -5*x + 4*x, 3*x - 15 = -3*y. Suppose 0 = -2*h + 2*b + 186, -x*h + b = -3*h - 449. Is h a composite number?
False
Suppose 2*q + 2*q - 877 = -d, 2*q - 4385 = -5*d. Is d a prime number?
True
Let l(u) = 40*u**2 - 2*u - 1. Is l(-2) composite?
False
Suppose -4*q + 5*o + 3679 - 1184 = 0, 4*q - 3*o - 2497 = 0. Suppose -2*t - 203 = -q. Is t composite?
False
Let d be 2/(-6) - 228/(-9). Suppose 0 = -a - 5*r + 13, 8 = -3*a - 4*r + d. Is a a composite number?
False
Let n(r) = 4*r**2 + 8*r - 3. Is n(7) a prime number?
False
Let t be 8/(-24) - (-4046)/6. Suppose 281 = 5*h - t. Is h prime?
True
Let z be (-98)/(-4)*2*1. Is z*(-3 - -4) + -2 a composite number?
False
Suppose -6*t - m = -2*t - 1674, m + 1259 = 3*t. Suppose -4*x = -3*v + t, 3*v + 2*x = v + 298. Is v composite?
True
Let 